ainder when q(3) is divided by (c/(-4) + 0)/((-14)/84)?
11
Suppose -312 = 5*m - 13*m. Let u(o) = -o**3 + 3*o**2 + 4*o - 2. What is the remainder when m is divided by u(3)?
9
Let y be ((-36)/(-10))/((-17)/(-510)). Calculate the remainder when ((-51)/y - 2/(-9))*-28 is divided by 1.
0
What is the remainder when 31/3*135/(0 + 9) is divided by 37?
7
Let r = -318 - -544. Calculate the remainder when r is divided by 6.
4
Calculate the remainder when 6/(-10) + -6 + (-733)/(-5) is divided by 36.
32
Let r be (1 - -2) + (52 - 6). Let f = 133 - r. What is the remainder when f is divided by 29?
26
Suppose -792 = -5*a - 402. Calculate the remainder when a is divided by 9.
6
Let u(s) = 3*s**2 + s + 1. Let i(c) = -c**3 - 33*c**2 + 96*c + 926. What is the remainder when u(-4) is divided by i(-35)?
13
Let u = 2343 - 2309. Let p(w) = 3*w**2 + w + 2. Let g be p(-5). Suppose -i = -5*i + g. What is the remainder when u is divided by i?
16
Suppose -264 = 15*p - 17*p. Calculate the remainder when p is divided by 68.
64
Let l = 8 + -5. Calculate the remainder when 14 is divided by l.
2
Let v(l) = l + 3. What is the remainder when 4 + (-2 - (-3 - 3)) is divided by v(3)?
2
Let u(o) = -o**2 + 4*o + 9. Let t be u(5). Suppose x - 2*x + 4*k = -13, 0 = -x - t*k + 45. Suppose -1 = 4*s - x. What is the remainder when 12 is divided by s?
5
What is the remainder when 107 is divided by (259/(-7) - 0)/(2 - 3)?
33
Suppose 0 = 2*w + 3*z, z - 14 = w - z. Calculate the remainder when (-18 + w)/((-2)/2) is divided by 7.
3
Let h(b) = b + 5. Let a(n) = 2*n. Let f be a(6). Suppose -4*c = -28 + f. What is the remainder when 24 is divided by h(c)?
6
Let r be -3*118/(-6) + -3. Suppose -q + 103 = w, -q + 5*w + r = -47. What is the remainder when q is divided by 21?
19
Suppose -4*n - 5*t + 4*t + 1140 = 0, 2*t - 8 = 0. Calculate the remainder when n is divided by 26.
24
Let h = 119 + -85. Let m = -12 + h. Calculate the remainder when m is divided by 12.
10
Suppose -14*w - 25*w + 351 = 0. Calculate the remainder when 35 is divided by w.
8
Let j(c) = 13*c**2 - 71*c - 4. Calculate the remainder when j(7) is divided by 28.
24
Suppose 5*w - 119 = -3*x + 78, -5*w + 173 = -3*x. Calculate the remainder when 115 is divided by w.
4
Suppose 4*d = 2*m + 8*d - 112, -3*d = -2*m + 84. Calculate the remainder when 187 is divided by m.
43
Suppose 3*c - 745 = -5*r, -3*c = -3*r - 724 - 5. What is the remainder when c is divided by 75?
20
Suppose 5*g = 8*g - 135. Let x = g - 28. Suppose p - 5*a = -2, -2*p + 2*a + 19 = -x. Calculate the remainder when 89 is divided by p.
20
Suppose 106534 + 49310 = 108*w. Calculate the remainder when w is divided by 17.
15
What is the remainder when 657 is divided by -3*((-282)/(-18))/(-1)?
46
Let p(x) = -3*x + 10. Let t be p(4). Let d be (1/(t/(-4)))/(-2). Let f = 12 - d. What is the remainder when f is divided by 8?
5
Let u(d) = -d + 1. Let z(h) = 6*h + 6. Let n(k) = -3*u(k) - z(k). Let c = 31 + 27. What is the remainder when c is divided by n(-8)?
13
Let h be 5643/(-18)*(-2)/(-1). Calculate the remainder when 22 is divided by h/(-76) - (-1)/(-4).
6
Calculate the remainder when 107 is divided by (7533/(-372))/(6/(-8)).
26
Suppose 0 = -c + 2*k + 6, -5*c + 2*c + 5*k = -13. Calculate the remainder when 177 is divided by 0 + (-10)/c*18.
42
Suppose -4*l - 2*p + 988 = 0, p = -7*l + 3*l + 988. What is the remainder when l is divided by 10?
7
What is the remainder when 31 is divided by ((-3)/2)/((-45)/60)?
1
Suppose -u + 3*k = -742, 1400 = 3*u + 2*k - 870. Calculate the remainder when u is divided by 21.
19
Suppose 0 = -0*c + 5*c - 10. Suppose -c*s - 5 = -3*s. Calculate the remainder when 1/4 - (-35)/4 is divided by s.
4
Suppose u = h - 4*u + 58, -3*h = 2*u + 191. Let c be ((-4)/(-6))/(7/h). What is the remainder when 82/8 - c/8 is divided by 3?
2
Let n(b) = 2*b**3 + 42*b**2 - 18*b + 9. What is the remainder when n(-21) is divided by 13?
10
Let o = -154 - -161. What is the remainder when 17 is divided by o?
3
What is the remainder when ((-16)/(-3))/((-3)/27*-3) is divided by 11?
5
Let h be (0 + -2)*(-38)/(-4). Let a = h - -30. Calculate the remainder when 30 is divided by a.
8
Let l(z) = z**2 - 66*z + 918. Calculate the remainder when l(54) is divided by (-2 + 4)*1 - -37.
36
Let a(f) = -f**2 - 20*f - 48. What is the remainder when 98 is divided by a(-10)?
46
Suppose 10*f - 2*f = 2392. What is the remainder when f is divided by 38?
33
Suppose -222*o + 228*o = 90. Calculate the remainder when 21 is divided by o.
6
Let f(x) = -x**2 + 8*x - 4. Let j be -3*(-4 - 62/6). Suppose -4 = -4*y, 2*p - y + 4*y = j. What is the remainder when p is divided by f(5)?
9
Let l(i) = -i**2 - i + 19. Suppose -5*m = -2*h + 111 + 93, 2*h = -5*m + 244. Calculate the remainder when h is divided by l(0).
17
What is the remainder when 3378 is divided by 7 + -1 + 1 + (5 - -135)?
144
Let p(m) = -m**3 + 19*m**2 + 5*m + 6. Let f be p(19). Suppose -2*h + 3*b = 2*h - 422, 0 = -h + 3*b + f. Calculate the remainder when h is divided by 18.
17
Let f(w) be the second derivative of w**5/20 - w**4/4 - 5*w**3/3 + 9*w**2/2 + 2*w. Let l(x) = 22*x - 227. What is the remainder when f(6) is divided by l(11)?
12
Suppose -2*g - 1816 = 2*j, -3*g + 5*g + 3*j = -1820. Calculate the remainder when g/(-24) - 1/(-3) is divided by 13.
12
Suppose -t + 10 = 7. Let r(p) = 5*p - 5. Let s = 12 + -8. What is the remainder when r(t) is divided by s?
2
Let h = -216 + 242. Calculate the remainder when 201 is divided by h.
19
Suppose 2*x - 2 + 0 = 0. Let d(l) = 3*l - l - 30*l**2 + 33*l**2 - x. What is the remainder when 37 is divided by d(-3)?
17
Suppose 4*r + 410 = 9*r. Suppose 5*p = -x + r, 2*p + x + 20 = 3*p. What is the remainder when 83 is divided by p?
15
Suppose -5*l + 16 - 46 = 0. Let n = l + -37. Let c = n + 64. What is the remainder when c is divided by 6?
3
Let h(o) = -579*o + 4105. Suppose m - 18 = -2. Suppose -u + l + m = -0*l, 0 = -2*l + 4. What is the remainder when h(7) is divided by u?
16
Let w = -1 - -6. Suppose 3*t + 7 = 4*a - 8, -4*a = t - 11. Suppose -15 + a = -3*l. Calculate the remainder when w is divided by l.
1
Suppose -4*t + 24 = 5*v, v + t = -3*t + 8. Suppose v*u - 6 = 10. Suppose 2*a - 55 = -4*i + 3*a, 5 = 2*i - 5*a. Calculate the remainder when i is divided by u.
3
Suppose -15 - 20 = -5*w. Suppose -19 = -2*k + 3*g + 24, 2*g - 18 = -k. What is the remainder when k is divided by w?
6
Suppose -8*v = -5*v - 48. What is the remainder when (-6)/(-4) + 755/10 is divided by v?
13
Let p(o) = -o**3 + 25*o**2 - 23*o + 9. Let x(n) = -n**2 - 10*n - 11. Let j be x(-8). Let u = 7 + j. What is the remainder when p(24) is divided by u?
9
Calculate the remainder when (-342)/(-76)*124/2 is divided by 19.
13
Suppose 5*w + 100 = -4*u, 6*u - 5*u - w = -34. Let c = -18 - u. What is the remainder when 44 is divided by c?
8
Suppose 0 = 3*p + 1 - 10. Let q be (-2 + 2)/(-2 - -3 - 0). Suppose 4*o + 16 = q, 3*g - o = -2*g + 24. What is the remainder when g is divided by p?
1
Suppose -2*p + 35 = 1. Suppose p*y = 12*y + 50. What is the remainder when 69 is divided by y?
9
Suppose 6*t - 8 = 2*t. Suppose -3*f = 2*i + f, 0 = f + t. Suppose -5*q + 23 = 2*b, -5*q - 1 - i = 0. Calculate the remainder when b is divided by 4.
2
Suppose 4*u - 40 = -5*z, 4*z + 4*u - 17 = 19. Calculate the remainder when 6 is divided by z.
2
Let y = -144 + 191. What is the remainder when 171 is divided by y?
30
Suppose -3*v + 90 = -150. Suppose -100*s - 35*s + 3645 = 0. Calculate the remainder when v is divided by s.
26
Suppose -11*s + 3708 = s. Calculate the remainder when s is divided by 45.
39
Suppose 60 = 5*m - 0*s - 3*s, -5*m = 4*s - 60. Suppose m = -3*l + 7*l. Let o(t) = t**2 + 29*t - 20. What is the remainder when o(-30) is divided by l?
1
What is the remainder when (-182)/(-12) - (-1)/(-6) is divided by (2/(10/(-9)))/((-26)/130)?
6
Let n = 257 - 161. Calculate the remainder when n is divided by 26.
18
Suppose -89*w + 85*w = 252. Calculate the remainder when 17 is divided by (36/w)/(4/(-70)).
7
Calculate the remainder when -3*((-106)/3 - -1) is divided by (11 - 7)/(12/63).
19
Suppose 4*p - 19 = -t + 4*t, 3*t + 26 = 5*p. Calculate the remainder when 369 is divided by p.
5
Suppose -10 - 4 = -3*f + 2*y, -y = 5*f - 32. Let u = f - -3. Suppose 16 + u = 5*j. Calculate the re